13100
In base 10, what is 4 + 89832?
89836
In base 2, what is -1100 - -101000100100010001?
101000100100000101
In base 11, what is 3 - 1612a3?
-1612a0
In base 2, what is -11101010110010 - -100?
-11101010101110
In base 10, what is 24222 + -2?
24220
In base 12, what is 12b31 - -2?
12b33
In base 4, what is 3300110012 + 11?
3300110023
In base 13, what is ab6275 + 4?
ab6279
In base 16, what is 0 + 94419?
94419
In base 13, what is -2b57 - -8?
-2b4c
In base 13, what is -8 - -4622?
4617
In base 13, what is -236 - b52?
-1088
In base 7, what is -1206 - 1162?
-2401
In base 9, what is -567 + 250?
-317
In base 6, what is -3 + 114023?
114020
In base 10, what is -568786 - -4?
-568782
In base 12, what is -724 + -23b?
-963
In base 12, what is 7 - 39b8?
-39b1
In base 5, what is 402 - 11133?
-10231
In base 9, what is 40 - 670?
-630
In base 14, what is -31 - -d16?
cc5
In base 4, what is -1022133 + 10221?
-1011312
In base 15, what is -81ac6 + 3?
-81ac3
In base 12, what is b - b244?
-b235
In base 7, what is 16 - 65?
-46
In base 4, what is -22102230 - -2?
-22102222
In base 16, what is -5ca - -d?
-5bd
In base 15, what is -8c - -7e4?
757
In base 4, what is 110001103 + 10?
110001113
In base 9, what is -42 - 34277?
-34330
In base 4, what is 2030332 + -231?
2030101
In base 15, what is -3d - -2109?
20bb
In base 14, what is 8 + -1027?
-101d
In base 15, what is -5 + 1596?
1591
In base 12, what is -a52 - -4?
-a4a
In base 4, what is 0 - 1200100333?
-1200100333
In base 3, what is -20212221210 - 10?
-20212221220
In base 2, what is 110101 + 1100000010000?
1100001000101
In base 16, what is -2c3b87 - -1?
-2c3b86
In base 10, what is -11 - -15823?
15812
In base 4, what is -3213 - 13210?
-23023
In base 8, what is 731 - 20?
711
In base 16, what is 19435 + 1?
19436
In base 6, what is -4 - 4231020?
-4231024
In base 16, what is eec - -4?
ef0
In base 11, what is 5 - -382a5?
382aa
In base 16, what is 13014 - 5?
1300f
In base 16, what is -23 + -3320?
-3343
In base 14, what is -77a - -369?
-411
In base 7, what is -663 - -365?
-265
In base 4, what is 111 + 1101130130?
1101130301
In base 16, what is -5bcc7 + 2?
-5bcc5
In base 12, what is -a97 + 57?
-a40
In base 4, what is -22 - -102001?
101313
In base 3, what is -200002 + -110021?
-1010100
In base 11, what is 3 - -1665?
1668
In base 13, what is 3 - 9260?
-925a
In base 6, what is -40 + 21252?
21212
In base 9, what is 610 + -11603?
-10883
In base 14, what is -1 - -2970?
296d
In base 8, what is -1 + -3324?
-3325
In base 7, what is 1213 + -256?
624
In base 12, what is -196b - -b6?
-1875
In base 5, what is 0 + 424112?
424112
In base 15, what is -4 + 125c?
1258
In base 10, what is -1 - 13779?
-13780
In base 11, what is -643 + 916?
283
In base 15, what is 14 - 235?
-221
In base 12, what is -20a97 - -a?
-20a89
In base 16, what is ac + -b7f?
-ad3
In base 7, what is -12 + -32265?
-32310
In base 5, what is 0 - 224310?
-224310
In base 8, what is -21 + 117?
76
In base 2, what is 10 + -110110110100110000011?
-110110110100110000001
In base 9, what is 16 + 17248?
17265
In base 16, what is 4 + 3912d?
39131
In base 7, what is -6 + -203206?
-203215
In base 12, what is 5 + -88521?
-88518
In base 13, what is -5 + 38a6?
38a1
In base 12, what is -20 + 807?
7a7
In base 7, what is 20 + 20434?
20454
In base 7, what is 256221 + -1?
256220
In base 10, what is -49331 + 1?
-49330
In base 10, what is 42446 - 30?
42416
In base 14, what is 0 + -5626?
-5626
In base 9, what is -1 - 10356?
-10357
In base 8, what is -23654 + 20?
-23634
In base 13, what is 3 + -1486?
-1483
In base 5, what is 10 - -344421?
344431
In base 3, what is -22001 - -1120212?
1021211
In base 5, what is -10 - -123120?
123110
In base 6, what is -11 - -415?
404
In base 2, what is 11111000001100100001 - -10?
11111000001100100011
In base 11, what is -92 - 8a25?
-9007
In base 14, what is 33 + 7d0?
823
In base 14, what is 1576 + 5?
157b
In base 9, what is 6 - 682054?
-682047
In base 15, what is -d55 + -a?
-d60
In base 15, what is -ae8 + -1c?
-b15
In base 9, what is 20 + 2344?
2364
In base 13, what is 24 - -971?
995
In base 15, what is 2 - 193e05?
-193e03
In base 5, what is -322 - 201344?
-202221
In base 14, what is 4 + -b270?
-b26a
In base 5, what is 2000140 - -4?
2000144
In base 13, what is 3 + 671bb?
671c1
In base 5, what is -2 - -110101?
110044
In base 14, what is -2 - -17bc5?
17bc3
In base 12, what is 105b - 485?
796
In base 7, what is 36115 + -5?
36110
In base 14, what is -8b + -25?
-b2
In base 11, what is 1aa4 - 140?
1964
In base 10, what is 0 - 821343?
-821343
In base 3, what is 112 - -20002?
20121
In base 8, what is -10102656 + -5?
-10102663
In base 10, what is 8 - 22870?
-22862
In base 11, what is 4 + -2280?
-2277
In base 6, what is -5202 - 5023?
-14225
In base 3, what is 20120202211 - 10?
20120202201
In base 12, what is -1 - 6468?
-6469
In base 6, what is -14055303 - 0?
-14055303
In base 4, what is 131030133 + 211?
131031010
In base 14, what is -38736 - -5?
-38731
In base 11, what is -254 + -79?
-322
In base 12, what is -375 + -46?
-3bb
In base 9, what is 286 - 14533?
-14236
In base 15, what is -2 + -9a046?
-9a048
In base 6, what is -341 - -342254?
341513
In base 4, what is 3110 - -2022?
11132
In base 13, what is -3 + 2335?
2332
In base 2, what is 1000000101110110 - 0?
1000000101110110
In base 7, what is -3452 - -461?
-2661
In base 7, what is -421552 + -3?
-421555
In base 11, what is 107a0 + 2?
107a2
In base 10, what is -56 - -229?
173
In base 13, what is -59 - -1386?
132a
In base 12, what is 64 + 249?
2b1
In base 8, what is -732 - 6303?
-7235
In base 4, what is 3 + 20222130?
20222133
In base 6, what is -5443 - 1044?
-10531
In base 5, what is 4132120 + 4?
4132124
In base 16, what is -3f13 - 86?
-3f99
In base 9, what is -1021 - -3?
-1017
In base 3, what is -122002 + -211001?
-1110010
In base 4, what is 1 + -101010230?
-101010223
In base 12, what is -34 - 29b?
-313
In base 16, what is -1 - -3b63?
3b62
In base 14, what is -1ccc0 + 4?
-1ccba
In base 4, what is 1033032 + -1?
1033031
In base 3, what is -1010102201 + 20?
-1010102111
In base 13, what is -472 + 7?
-468
In base 12, what is 17613 - 181?
17452
In base 4, what is 2023 - -2101311?
2110000
In base 5, what is -11130 + 4?
-11121
In base 14, what is 3226 - 19?
320b
In base 12, what is 4 + -45b54?
-45b50
In base 13, what is 10 + 6705?
6715
In base 14, what is 8b01 - 51?
8a90
In base 4, what is 21 + -212111?
-212030
In base 10, what is 2 - 56932?
-56930
In base 2, what is 1001 - 11100010001110010?
-11100010001101001
In base 16, what is 649ed + 1?
649ee
In base 10, what is -14 - 1277?
-1291
In base 8, what is -35435310 + -1?
-35435311
In base 5, what is 342 - 14?
323
In base 7, what is -510 + 2306?
1466
In base 10, what is 1785 + 17?
1802
In base 5, what is 104212 - -2?
104214
In base 11, what is -37714 - -1?
-37713
In base 3, what is -11 + 210101020?
210101002
In base 10, what is 2 + -24546?
-24544
In base 15, what is -3 + -1d7?
-1da
In base 14, what is -7b0 + -a4?
-874
In base 8, what is -76102 - -5?
-76075
In base 9, what is 11 + 1025?
1036
In base 5, what is 104120 - 12041?
42024
In base 16, what is -6 + -25a89?
-25a8f
In base 4, what is 213222302 + -11?
213222231
In base 4, what is 20333 - 33200?
-12201
In base 9, what is -120 + -104553?
-104673
In base 16, what is 413f - -4?
4143
In base 6, what is -45 - 155?
-244
In base 15, what is -300b - 7?
-3013
In base 11, what is 434a43 - 5?
434a39
In base 8, what is -120 + -2060?
-2200
In base 12, what is ba46 - -1?
ba47
In base 4, what is 12 - 32302201?
-32302123
In base 4, what is 1003 + 20220012?
20221021
In base 3, what is 10010221 - 120?
10010101
In base 2, what is -10010101100110100110011 - -1?
-10010101100110100110010
In base 7, what is 1051151 + -5?
1051143
In base 16, what is 4 - 4737?
-4733
In base 9, what is 67841 + -3?
67837
In base 13, what is 2 - -26a6a?
26a6c
In base 10, what is 2 - -7328?
7330
In base 11, what is 653 - 45?
609
In base 14, what is 4 - -b838?
b83c
In base 3, what is 10021220 - 100?
10021120
In base 9, what is -4533 - 10?
-4543
In base 4, what is -20013112 + -3?
-20013121
In base 3, what is -100021221121 - 1?
-100021221122
In base 6, what is 3 + 3013103?
3013110
In base 6, what is -144 - -323130?
322542
In base 12, what is -54a18 - -12?
-54a06
In base 14, what is 17 + -16652?
-